?
2
Let t(f) = 3*f**3 - 7*f**2 - 6. What is the hundreds digit of t(5)?
1
Let t = 114 - 49. What is the units digit of t?
5
Suppose -3*o = -2*o. Let y = -2 - o. What is the units digit of 42/5 + y/5?
8
What is the tens digit of 2/3*2*18?
2
Let k(c) be the second derivative of c**4/6 + 2*c**3/3 + c**2 + 26*c. Let s(t) = -t**2 - t - 2. Let p be s(0). What is the units digit of k(p)?
2
What is the tens digit of 2/(4 + (-1092)/274)?
3
Let m be (-4)/(-8)*1*20. Let z(g) be the second derivative of g**3/3 - 5*g**2 + g. What is the tens digit of z(m)?
1
Let s be (-4)/(-5) - (-6)/5. What is the tens digit of ((-13)/s + -3)*-2?
1
Let i(v) = 18*v**2. Suppose -3*k + 5 = 2. What is the tens digit of i(k)?
1
Suppose 0 = -0*m - 2*m + 5*l - 29, -2*m - 3*l = 37. Let p = 33 + m. What is the units digit of p?
6
Let b = -7 + 13. What is the tens digit of ((-4)/b)/((-14)/609)?
2
Suppose l - 3 = 4*a, 1 = 2*a + 5*l - 14. Suppose a = 2*s - 4*s + 8. Suppose -4*g - s*x = 0, -g - 2*g = -3*x - 6. What is the units digit of g?
1
Let h = 38 - 23. What is the units digit of 6/9 - (-5)/h?
1
What is the hundreds digit of (-1670)/(-14) + 28/(-98)?
1
Let n(p) be the third derivative of 3*p**4/8 - 5*p**3/6 - 5*p**2. What is the units digit of n(6)?
9
What is the tens digit of (2 - (5 + 0)) + (-452)/(-2)?
2
Let k be (30 - 0) + (-3)/1. Suppose -2*c = c - k. What is the units digit of c?
9
Suppose -4*y - 4 + 20 = 0. Suppose 5*d = -y*u + 95 + 193, -u + 89 = -3*d. Suppose -4*b + 37 = -m, -5*b + m + u = 31. What is the units digit of b?
9
Let v(w) = 2*w - 13. Let f be v(-6). Let h = f - -63. What is the units digit of h?
8
Let k be (-2)/1*(-1 - 1). Let i = 1 - k. Let g = i + 5. What is the units digit of g?
2
Let n(s) be the third derivative of 1/6*s**4 + 0*s - s**2 + 1/6*s**3 + 0. What is the units digit of n(1)?
5
Suppose 0 = n + 3*o - 37, -o + 20 = 4*o. What is the units digit of n?
5
Let y(u) = -98*u - 3. Let g(z) = -3135*z - 95. Let r(q) = -3*g(q) + 95*y(q). Let s be r(1). Suppose -4*f + s = f. What is the tens digit of f?
1
Let w(l) = -2*l + 5. Let o be w(7). Let t = o + 3. Let p = t - -10. What is the units digit of p?
4
Let f be 12 + -1 + (3 - 2). Let j be (15/f)/(-1)*-4. Suppose j*i - 15 = -3*c - 0*c, 3*i = -c + 13. What is the units digit of i?
6
Let j(y) = -8*y + 44. What is the tens digit of j(-21)?
1
Suppose 4*k = -0*k - 4*t + 204, 4*t = -3*k + 158. Let s = k - 30. What is the units digit of s?
6
Let z(c) = 1 + 0 + 7*c - 4*c - 2*c. Let k be z(5). Let q = k + 6. What is the units digit of q?
2
Suppose -4*x - 26 = -2*v, 1 = 4*v - 5*x - 36. Suppose v*i + 3 = 2*i. Let d = i + 5. What is the units digit of d?
2
Suppose 8 - 51 = -4*z - r, -r + 3 = 0. Suppose -2*g + 0 = -z. Suppose s = g*v + 4*s - 55, 5*v - s = 35. What is the units digit of v?
8
Let s = 26 + 8. What is the tens digit of s?
3
Let x(n) be the third derivative of 0 - 1/60*n**5 + 3/8*n**4 - 4/3*n**3 + 0*n + 2*n**2. What is the units digit of x(7)?
6
Let w = -56 + 169. What is the units digit of w?
3
Let u be 2/(-2)*(3 + 1). What is the tens digit of ((-2)/(-3))/(u/(-90))?
1
Suppose 2*o = -u + 220, 0*u - 674 = -3*u + o. What is the units digit of u?
4
Suppose 10 = r - 4*x, 2*x + 2*x = -2*r - 4. Let g = r + 0. Suppose -g*f + 3*f - 4 = 0. What is the units digit of f?
4
Let n = -87 + 129. Let q = n - 28. What is the tens digit of q?
1
Suppose -44 = 5*o - 4*x - 291, 2*x = -o + 41. What is the units digit of o?
7
Suppose 2*j - 12 = -2*j. Suppose -j*v + 20 = 6*o - 2*o, -8 = -2*v. Suppose -4*l + 4 = -z - 22, -o*l + 18 = -3*z. What is the units digit of l?
6
Suppose -10*a + 70 = -170. What is the units digit of a?
4
Let g(w) = -w**3 + 3*w**2 + 3. Let y be 2/4*(5 - -1). What is the units digit of g(y)?
3
Let q(d) = -7*d - 7. What is the tens digit of q(-5)?
2
Let l(d) be the first derivative of 2 - 1/3*d**3 + 5/2*d**2 + 7*d. What is the units digit of l(5)?
7
Suppose -7 + 15 = u. Suppose -u*l + 4 = -4*l. What is the units digit of l?
1
Suppose i = 5*i - 20. Suppose i*x - 47 = 18. What is the units digit of x?
3
Let y = -6 + 10. Suppose 0 = 5*h - 29 + y. Suppose -4*l + k + 26 = 0, 3*l + 3*k - h - 7 = 0. What is the units digit of l?
6
Suppose 0*j - 10 = -5*j. Let z = j + 4. What is the units digit of z?
6
Let g(j) = j**3 + 18*j**2 - 26*j - 45. What is the tens digit of g(-19)?
8
Suppose -12 = 2*v - 3*v. Let h = v + -22. What is the units digit of 0 + (-6)/4*h?
5
Let i(k) be the first derivative of 9/2*k**2 - 1/4*k**4 - 3*k + 1 + 5/3*k**3. What is the tens digit of i(6)?
1
Suppose -7 - 5 = -4*w. Suppose 2*l + 19 = w*l. What is the tens digit of l?
1
Let k(u) = u**2 + 6*u - 3. Let m be k(-6). What is the tens digit of m/(12/8) + 36?
3
Suppose 3*t - 120 = 24. What is the tens digit of t?
4
Let g(r) be the third derivative of -r**6/120 + r**3/6 + 2*r**2. Let a be g(-1). Suppose -11 = -2*p - 5*h, h + a*h - 21 = -3*p. What is the units digit of p?
8
Let g(n) = 4*n**2 + 3*n + 3. What is the tens digit of g(4)?
7
Let d = 42 + -7. What is the tens digit of d?
3
Let a be 1/1 - 0/4. Let f be (a*2)/((-12)/(-18)). Suppose 0 = -z + f*r + 9, -3*r - 9 = -z - 5*r. What is the units digit of z?
9
Let v = 100 - -122. What is the tens digit of v?
2
Let c be 1 + 2 - (-38 + -10). Suppose 2*j + 54 = 3*x, x = -2*x + j + c. What is the units digit of x?
6
Suppose 0 = 5*l - 74 - 36. Suppose -2*f + f = -l. Suppose v + f = 4*j, 3*j - 15 = -2*j - 5*v. What is the units digit of j?
5
Let b be (5 + (0 - 1))/(-1). What is the tens digit of 29*(4/b)/(-1)?
2
Suppose k + 2 = -5*y, 4*k + 2*y - 67 = -3*y. What is the units digit of k?
3
Suppose -z + 96 - 3 = 3*g, 0 = -4*z - 2*g + 352. What is the tens digit of z?
8
Let g(i) = -66*i + 3. What is the units digit of g(-1)?
9
Suppose 5*d = -2*t - t + 116, 0 = -2*d - 3*t + 50. Suppose n + l - d = 0, -5*l - 130 = -3*n - 2*n. What is the tens digit of n?
2
What is the tens digit of (-8)/((-200)/(-52) - 4)?
5
Let h = -5 + 17. Suppose -10 = -f + h. What is the tens digit of f?
2
Suppose 4*r = -5*o, 5*o = 5*r - 4*r + 25. Let h = 9 + r. What is the units digit of h?
4
Suppose 0 = -3*p + 6*p + 12. Let y be 2/4*(-32)/p. Suppose -y*c + 33 = -19. What is the units digit of c?
3
Suppose 2*i + 3*i - 20 = 0, -2*o + i + 2 = 0. Let w = 4 - o. Suppose w = -v + 8. What is the units digit of v?
7
Suppose -27 = 29*t - 30*t. What is the tens digit of t?
2
Suppose 5*j + 0 - 20 = 0. Suppose p = j*p + 6. What is the units digit of p + (1*8 - -1)?
7
Suppose 0*p - 204 = -6*p. What is the units digit of p?
4
Let n be (-408)/(-20) + (-2)/5. Let h = -8 + n. What is the tens digit of h?
1
Let b(t) = -t**3 - t**2 + t + 24. Let f be b(0). Let a = -13 + f. What is the tens digit of a?
1
Let k(s) = 4*s + 14. Let i = 3 - -4. What is the tens digit of k(i)?
4
What is the units digit of ((-8)/10)/((-156)/(-160) + -1)?
2
Let t(c) = -c**2 - 16*c + 8. What is the units digit of t(-16)?
8
Suppose 5*i + 4*t - 57 = 3*t, 3*t = 4*i - 57. Let h(l) = -l**2 - 5*l + 3. Let g be h(-4). Let n = i - g. What is the units digit of n?
5
Let y(w) = -w**3 - 5*w**2 + 7*w + 4. Let u be y(-6). Let j = -2 - 1. What is the units digit of j/u*14/3?
7
Suppose 37 = 2*z + 7. What is the units digit of z?
5
Let d be 0 + 0 + -1 + 1. Suppose 2*h - 18 - 12 = d. What is the units digit of h?
5
Let s(v) = 4*v**2. Suppose 3*k + g = 3*g + 10, 0 = 2*k - 2*g - 6. Let y = 3 - k. What is the units digit of s(y)?
4
Let s be (4 - 1) + 4 + -3 + -4. Let c(q) = q**2 + q - 2. Let x be c(-3). Suppose -3*p = -3*n + 45, -2*n = -s*n + x*p - 6. What is the units digit of n?
1
Let r = -4 - -5. Suppose -r = -y - 2. What is the units digit of y/(-3) - 20/(-3)?
7
Suppose -5*u - 95 = -10*u. What is the tens digit of u?
1
Let q(m) = -m**3 + 7*m**2 - 7. What is the tens digit of q(5)?
4
Suppose -5*s + 0*v + 146 = -4*v, 0 = -4*s + 4*v + 120. What is the units digit of s?
6
Suppose -5*g = -3*v + 21, 4*g - g + 13 = 2*v. Suppose v*x - 46 = -0*x. What is the units digit of x?
3
Suppose 4*x = x + 141. What is the tens digit of x?
4
Let h(o) = -o**3 - 2*o**2 + o + 38. What is the tens digit of h(0)?
3
Let g(d) = -10*d. What is the units digit of g(-5)?
0
Let x(m) = 2*m - 5. Let n be x(-5). What is the units digit of (18/n)/((-3)/10)?
4
Let n(g) = g - 1. Let l be n(3). Let a be ((-3)/(-3))/1*-1. What is the tens